{"id":915,"date":"2025-12-10T09:03:13","date_gmt":"2025-12-10T08:03:13","guid":{"rendered":"https:\/\/mogyi.com\/?post_type=product&#038;p=915"},"modified":"2026-02-13T15:07:53","modified_gmt":"2026-02-13T14:07:53","slug":"adriai-sos-foldimogyoro","status":"publish","type":"product","link":"https:\/\/mogyi.com\/mne\/product\/adriai-sos-foldimogyoro\/","title":{"rendered":"ADRIAI S\u00d3S F\u00d6LDIMOGYOR\u00d3"},"content":{"rendered":"","protected":false},"excerpt":{"rendered":"","protected":false},"featured_media":0,"comment_status":"open","ping_status":"closed","template":"","meta":[],"product_brand":[],"product_cat":[25],"product_tag":[],"mogyi_taste":[31],"mogyi_benefits":[45,47,51],"mogyi_other_tags":[],"class_list":{"0":"post-915","1":"product","2":"type-product","3":"status-publish","5":"product_cat-magvak","6":"mogyi_taste-sos","7":"mogyi_benefits-asvanyi-anyag-forras","8":"mogyi_benefits-feherje-forras","9":"mogyi_benefits-vitaminforras","11":"first","12":"instock","13":"shipping-taxable","14":"product-type-simple"},"_links":{"self":[{"href":"https:\/\/mogyi.com\/mne\/wp-json\/wp\/v2\/product\/915","targetHints":{"allow":["GET"]}}],"collection":[{"href":"https:\/\/mogyi.com\/mne\/wp-json\/wp\/v2\/product"}],"about":[{"href":"https:\/\/mogyi.com\/mne\/wp-json\/wp\/v2\/types\/product"}],"replies":[{"embeddable":true,"href":"https:\/\/mogyi.com\/mne\/wp-json\/wp\/v2\/comments?post=915"}],"wp:attachment":[{"href":"https:\/\/mogyi.com\/mne\/wp-json\/wp\/v2\/media?parent=915"}],"wp:term":[{"taxonomy":"product_brand","embeddable":true,"href":"https:\/\/mogyi.com\/mne\/wp-json\/wp\/v2\/product_brand?post=915"},{"taxonomy":"product_cat","embeddable":true,"href":"https:\/\/mogyi.com\/mne\/wp-json\/wp\/v2\/product_cat?post=915"},{"taxonomy":"product_tag","embeddable":true,"href":"https:\/\/mogyi.com\/mne\/wp-json\/wp\/v2\/product_tag?post=915"},{"taxonomy":"mogyi_taste","embeddable":true,"href":"https:\/\/mogyi.com\/mne\/wp-json\/wp\/v2\/mogyi_taste?post=915"},{"taxonomy":"mogyi_benefits","embeddable":true,"href":"https:\/\/mogyi.com\/mne\/wp-json\/wp\/v2\/mogyi_benefits?post=915"},{"taxonomy":"mogyi_other_tags","embeddable":true,"href":"https:\/\/mogyi.com\/mne\/wp-json\/wp\/v2\/mogyi_other_tags?post=915"}],"curies":[{"name":"wp","href":"https:\/\/api.w.org\/{rel}","templated":true}]}}